Suppose -3*z - 4*r + 18 = 0, 3*r - 3 + g = -z. What is the highest common factor of 80 and z?
10
Suppose -5*m = 2*w + 226 - 900, 532 = 4*m + 4*w. Suppose 4*c - 4*r - 84 = 0, -2*r + 16 - 7 = c. Let i = c - 0. What is the highest common divisor of m and i?
17
Let c be (-21)/(-14)*(-8)/(-6). Suppose -b = -c - 1. What is the greatest common divisor of 3 and b?
3
Let v be ((-1)/(-2))/((-2)/(-24)). Let r(s) = s**2 - 5*s - 1. Let o be r(v). Let l be ((-8)/(-5))/(2/o). Calculate the greatest common factor of l and 4.
4
Let u(j) = -j**3 - 3*j. Let l be u(-3). Calculate the greatest common divisor of 54 and l.
18
Let z be 47 + -3 + 1 - 0. Let c be 4/(-10)*(-61 + 6). Suppose 3*b + 4*h + c = 4*b, 4*h = -4. Calculate the highest common factor of b and z.
9
Suppose 15 = -3*i, 0*i - 50 = -2*f - 2*i. Let p = -8 - -14. What is the greatest common factor of f and p?
6
Let i = -11 + 15. Calculate the highest common factor of i and 2.
2
Let n(x) be the third derivative of x**4/12 + x**3/6 + 3*x**2. Let o be n(1). What is the greatest common divisor of o and 21?
3
Let p(f) = 13*f**2 - 2*f + 6. Let s be p(2). Calculate the highest common factor of s and 18.
18
Suppose 0 = k - 13*k + 252. Calculate the highest common divisor of 21 and k.
21
Suppose -j - 5 = -v, 4*j + 22 = 4*v + j. Suppose -5*k + 2*k = -4*w - v, -4*w - 6 = -2*k. Calculate the greatest common factor of k and 8.
1
Let g be (-2)/14 - (-624)/56. What is the greatest common divisor of g and 44?
11
Suppose 4*k + 0 = 4. Suppose -2*b = k - 3. Let i = -2 + 10. What is the highest common divisor of b and i?
1
Suppose -6*o + 153 = -3. What is the greatest common divisor of 26 and o?
26
Suppose 3*x - 2*x - 124 = -y, -2*x + 245 = y. Suppose 0 = 4*n - n - 33. Calculate the highest common divisor of n and x.
11
Let i be -5*(-1)/(5/14). Let o(z) = z + 42. Let h be o(0). What is the greatest common divisor of i and h?
14
Let n = -3 + 3. Let z = n - -3. Calculate the highest common factor of 21 and z.
3
Suppose 2*n = 6*n. Let s = 4 - n. Calculate the highest common factor of 4 and s.
4
Suppose -y + 2*y = -4*n - 5, 2*y = 5*n + 42. Calculate the highest common factor of y and 44.
11
Suppose 2*r - 24 = -2*r. Let u be (-4)/r + 23/3. What is the greatest common factor of u and 14?
7
Let h(i) = i - 10*i**2 - 4 - 6 + i**3 - i. Let j be h(10). Let g = j - -19. What is the highest common divisor of g and 1?
1
Suppose 0 = -3*t, -2*k - 5*t + 14 = 2. Let c = 21 - -13. Suppose 0 = 4*y + 2*u - 30, -5*u + c = 4*y - 5. Calculate the highest common divisor of y and k.
6
Suppose 0 = -2*g + 3*u + 18, -u - 27 + 0 = -3*g. Calculate the highest common divisor of g and 99.
9
Suppose 5*k - 544 = 416. Let p = k + -299. Let m = p + 296. What is the highest common divisor of 21 and m?
21
Let j(f) = f**2 + 9*f - 4. Let h be j(8). Let y be h/(-9)*(-6)/4. Calculate the highest common factor of y and 2.
2
Let v be (1/2)/((-1)/(-48)). Calculate the greatest common factor of 120 and v.
24
Suppose 4*j + 4*z = 156, -4*z + 2*z - 162 = -4*j. Calculate the highest common divisor of j and 100.
20
Suppose 5*v = -4*z - 0*z + 241, -5*v - 83 = -2*z. What is the greatest common factor of z and 6?
6
Let a be 2 + (-100)/(3 - 7). Calculate the greatest common divisor of 27 and a.
27
Let y(z) = 3*z**2 - 8*z - 7. Let s be y(-5). What is the greatest common divisor of 18 and s?
18
Let c = 17 + 23. Calculate the greatest common divisor of 100 and c.
20
Let x(m) = -m**2 + 11*m + 2. Let i be x(7). Let u be (4/1)/(22/495). What is the greatest common divisor of u and i?
30
Suppose 11*l = 68 + 20. Calculate the highest common factor of l and 1.
1
Let d be -3 - (-24)/6 - -1*23. What is the greatest common factor of d and 192?
24
Let u be (-1)/3 - (-38)/6. Let d(l) = 1. Let g(c) = 2*c - 6. Let t(v) = 4*d(v) + g(v). Let p be t(u). Calculate the highest common divisor of 20 and p.
10
Let t(r) = -2*r - 5. Let m(l) = 3*l + 6. Let a(z) = -5*m(z) - 6*t(z). Let u be a(-6). Calculate the highest common divisor of u and 2.
2
Let l be (-8)/10*10/(-4). Let k = -3 - -11. Suppose j - k = -6. What is the highest common divisor of l and j?
2
Let n be ((-1)/((-2)/48))/2. What is the greatest common divisor of n and 36?
12
Let s(n) = -n - 3. Let z be s(-8). What is the greatest common factor of 15 and z?
5
Suppose -2*v + 2*s = s - 5, v - 19 = -5*s. Let n(o) = o**2 - 4*o + 3. Let x be n(v). What is the highest common factor of x and 15?
3
Suppose 5*m = 2*m - 3*s + 60, -4*m - 2*s = -86. Suppose -4*w + 1035 = w. What is the highest common divisor of m and w?
23
Let x(h) = -h**2 - 11*h - 1. Let r be x(-10). What is the greatest common factor of r and 36?
9
Suppose 2*h = -0*h. Suppose -4*y + 5*v + 440 = h, -4*y = v + 2*v - 440. What is the greatest common divisor of y and 44?
22
Let f(j) = -3*j + 6. Let p be f(-4). Calculate the greatest common factor of p and 9.
9
Suppose 2*b = 3*b - 35. Calculate the highest common divisor of b and 7.
7
Let c(y) = 30*y**2 - 2*y + 3. Let j be c(1). Calculate the greatest common factor of 31 and j.
31
Suppose 0 = -3*k - o - 61, 6 = -k + 2*o - 12. Let g = -10 - k. Suppose -2*r + 5*z = -g, -5*r + 0*r = 5*z - 25. Calculate the highest common divisor of r and 1.
1
Let y(c) = 2*c**2 + 5*c + 3. Let n be y(-3). Let a be (-4)/6*6/(-4). Suppose -a = -v + 47. What is the highest common divisor of v and n?
6
Suppose 1 + 2 = 3*v. Suppose j = -5*m - 10, 0 = 4*j + 2*m + v + 3. Suppose j = 2*h - 0*h - 66. What is the highest common factor of h and 22?
11
Suppose -8*l + 8 = -4*l. Suppose -l*o - 15 = -61. Calculate the highest common divisor of 115 and o.
23
Let t(q) = -q**3 + 8. Let f be t(0). Let n = f - 4. Suppose 5*d + 40 = 220. Calculate the greatest common factor of d and n.
4
Let y = -27 - -53. Calculate the greatest common divisor of 13 and y.
13
Let p = 19 - 16. Let n be 5*(16/(-10) - -2). Let l be (6/(-4))/(n/(-4)). Calculate the highest common factor of p and l.
3
Suppose -2 - 1 = a. Let k(o) = -o**3 - 2*o**2 - 4*o - 2. Let t be k(a). What is the greatest common divisor of 152 and t?
19
Let w be 15/2 - (-2)/4. Let k = -12 + 24. What is the highest common factor of w and k?
4
Suppose 5*v - n + 4 = 10, -5*v + 4 = n. Suppose -2*g = -3*g. Let u be (-93)/(-3) + g + v. Calculate the highest common factor of u and 16.
16
Suppose -m = m - 2*k - 8, 2*k = 4*m - 14. Calculate the highest common factor of m and 1.
1
Let z be (-36)/3*2/(-6). Suppose 5*s - 15 = 0, -2*h + s = z*s - 75. What is the highest common factor of h and 3?
3
Let s be 6/21 + 19/7. Suppose -2*u - 7 = s. Let l(q) = -q**2 - 7*q - 2. Let b be l(u). What is the highest common divisor of b and 72?
8
Let f = 15 + 1. Suppose -111 + 459 = 3*p - 4*w, -97 = -p - 5*w. Calculate the greatest common divisor of f and p.
16
Let d(n) = -n**3 + 3*n**2 - 1. Let m be d(2). Suppose -m*p - 690 = -8*p. What is the highest common divisor of 23 and p?
23
Suppose 4*h = 2*p + 2*h - 54, -h + 1 = 0. Suppose -p - 35 = -d. Calculate the highest common factor of d and 9.
9
Suppose 0*w - 12 = -a + w, -a + 3*w = -18. Let u(k) = -5*k + 9 + 2*k + k**2 - 3*k. Let c be u(6). Calculate the greatest common factor of c and a.
9
Let g be (-4)/((-3 - 0)/((-231)/(-2))). Let a = 2 - -12. Calculate the highest common divisor of a and g.
14
Let p(m) = 24*m + 33. Let u be p(3). Calculate the highest common divisor of u and 21.
21
Let k be (-3 - -21)*(-16)/(-12). What is the highest common factor of k and 36?
12
Suppose -11*c + 140 + 300 = 0. Calculate the greatest common divisor of 5 and c.
5
Let n be 4/(-8)*22*-2. Calculate the highest common divisor of n and 242.
22
Let s(y) = -2*y**2 + 14*y + 14. Let x be s(7). Calculate the highest common divisor of 14 and x.
14
Let l be 4 - (148/(-4) + 1). Suppose 5 = 2*x - 1. Suppose g + 5*q + 0 = 10, -x*g + 5*q + 30 = 0. Calculate the greatest common divisor of g and l.
10
Let o be -2 - 6*1/(-2). Let r be (o*-14)/(-4 + 5). Let x = 56 - r. Calculate the highest common divisor of x and 14.
14
Let n(w) = -12*w + 16 - w**2 + 43*w - 21*w. Let d be n(11). What is the highest common divisor of d and 1?
1
Let j be (-14)/(-2) + -3 + 0. Suppose 2 = j*k - 6. Suppose -6*p = -k*p - 704. What is the highest common divisor of p and 22?
22
Suppose 3*p + 79 = -23. Let u = 64 + p. What is the greatest common divisor of u and 45?